{"id":1654,"date":"2025-04-08T17:15:01","date_gmt":"2025-04-08T17:15:01","guid":{"rendered":"https:\/\/legitrack.africa\/?page_id=1654"},"modified":"2025-09-29T00:53:09","modified_gmt":"2025-09-29T00:53:09","slug":"mention-legale","status":"publish","type":"page","link":"https:\/\/legitrack.africa\/?page_id=1654","title":{"rendered":"Mentions l\u00e9gales"},"content":{"rendered":"\t\t<div data-elementor-type=\"wp-page\" data-elementor-id=\"1654\" class=\"elementor elementor-1654\" data-elementor-post-type=\"page\">\n\t\t\t\t<div class=\"elementor-element elementor-element-4782a798 e-flex e-con-boxed e-con e-parent\" data-id=\"4782a798\" data-element_type=\"container\">\n\t\t\t\t\t<div class=\"e-con-inner\">\n\t\t\t\t<div class=\"elementor-element elementor-element-43ca0772 elementor-widget elementor-widget-text-editor\" data-id=\"43ca0772\" data-element_type=\"widget\" data-widget_type=\"text-editor.default\">\n\t\t\t\t<div class=\"elementor-widget-container\">\n\t\t\t\t\t\t\t\t\t\n<p><strong>\u00c9diteur du site :<\/strong><br \/>LEGITRACK<br \/>Adresse: Lille,France<br \/>Email : admin@legitrack.africa<br \/>T\u00e9l\u00e9phone : 0759883938<br \/>Raison sociale : LEGITRACK<\/p>\n\n<p><strong>H\u00e9bergement :<\/strong><br \/>Nom de l\u2019h\u00e9bergeur : Hostinger<br \/>Adresse de l\u2019h\u00e9bergeur: 61 Lordou Vironos str., 6023 Larnaca, Cyprus<\/p>\n\n<p><strong>Propri\u00e9t\u00e9 intellectuelle :<\/strong><br \/>Les contenus pr\u00e9sents sur le site (textes, images, logos, documents) sont la propri\u00e9t\u00e9 exclusive de Legitrack sauf mention contraire. Toute reproduction est interdite sans autorisation.<\/p>\n\n<p><strong>Contact :<\/strong><br \/>Pour toute question ou signalement veuillez remplir le formulaire de <a href=\"https:\/\/legitrack.africa\/contact\/\" data-type=\"page\" data-id=\"1148\">Contact<\/a><\/p>\n\t\t\t\t\t\t\t\t<\/div>\n\t\t\t\t<\/div>\n\t\t\t\t\t<\/div>\n\t\t\t\t<\/div>\n\t\t\t\t<\/div>\n\t\t","protected":false},"excerpt":{"rendered":"<p>\u00c9diteur du site :LEGITRACKAdresse: Lille,FranceEmail : admin@legitrack.africaT\u00e9l\u00e9phone : 0759883938Raison sociale : LEGITRACK H\u00e9bergement :Nom de l\u2019h\u00e9bergeur : HostingerAdresse de l\u2019h\u00e9bergeur: 61 Lordou Vironos str., 6023 Larnaca, Cyprus Propri\u00e9t\u00e9 intellectuelle :Les contenus pr\u00e9sents sur le site (textes, images, logos, documents) sont la propri\u00e9t\u00e9 exclusive de Legitrack sauf mention contraire. Toute reproduction est interdite sans autorisation. Contact [&hellip;]<\/p>\n","protected":false},"author":1,"featured_media":0,"parent":0,"menu_order":0,"comment_status":"closed","ping_status":"closed","template":"","meta":{"footnotes":""},"class_list":["post-1654","page","type-page","status-publish","hentry"],"_links":{"self":[{"href":"https:\/\/legitrack.africa\/index.php?rest_route=\/wp\/v2\/pages\/1654","targetHints":{"allow":["GET"]}}],"collection":[{"href":"https:\/\/legitrack.africa\/index.php?rest_route=\/wp\/v2\/pages"}],"about":[{"href":"https:\/\/legitrack.africa\/index.php?rest_route=\/wp\/v2\/types\/page"}],"author":[{"embeddable":true,"href":"https:\/\/legitrack.africa\/index.php?rest_route=\/wp\/v2\/users\/1"}],"replies":[{"embeddable":true,"href":"https:\/\/legitrack.africa\/index.php?rest_route=%2Fwp%2Fv2%2Fcomments&post=1654"}],"version-history":[{"count":9,"href":"https:\/\/legitrack.africa\/index.php?rest_route=\/wp\/v2\/pages\/1654\/revisions"}],"predecessor-version":[{"id":2090,"href":"https:\/\/legitrack.africa\/index.php?rest_route=\/wp\/v2\/pages\/1654\/revisions\/2090"}],"wp:attachment":[{"href":"https:\/\/legitrack.africa\/index.php?rest_route=%2Fwp%2Fv2%2Fmedia&parent=1654"}],"curies":[{"name":"wp","href":"https:\/\/api.w.org\/{rel}","templated":true}]}}